) = -g**2 - 3*g - 1. What is m(l)?
-5
Let f(w) = w**2 + 11*w + 15. Let r be f(-10). Suppose 2 = -n, -r*n - 8 = 3*j + 2. Let g(h) = -h**2 + h + 8. Determine g(j).
8
Let r(b) = b**2 + 4*b - 4 - 9*b + 4*b + 5*b. Suppose 3*w - 3 + 18 = 0. Calculate r(w).
1
Let x(t) = -39*t + 353. Let o = -8778 - -8787. Calculate x(o).
2
Let d(v) = -v + 3. Suppose 73 = -3*g - 2*b, 2*g + b - 8 = -57. Suppose 0 = -3*t - 0*t + 3*q + 81, -2*q - 84 = -3*t. Let f = g + t. Give d(f).
-2
Let y(z) be the second derivative of z**4/12 - z**2/2 + 3*z - 3. Suppose -55*b + 144 = -57*b. Let n = 75 + b. Give y(n).
8
Let q be 14/(112/6)*8/(-3). Let c(y) = 9*y - 2 + 3 - 2. Determine c(q).
-19
Let w(s) = -s**2 + 19*s - 17. Suppose -4*k + 97 = 85, -40 = -4*c + 4*k. Give w(c).
61
Let r = 154 - -22. Suppose 35*t + 9*t + r = 0. Let z(s) = -4*s + 10. Let x(w) = 2*w - 5. Let m(h) = -5*x(h) - 2*z(h). Determine m(t).
13
Let j(q) = -4*q - 44. Suppose 52 = -5*y - 4*r, 0 = 5*y + 14*r - 13*r + 43. Calculate j(y).
-12
Let q(d) = -d**2 + 3*d - 1. Let o(t) = -3*t**2 + 9*t + 1. Let n(w) = -o(w) + 4*q(w). Give n(2).
-3
Let h(i) be the third derivative of -i**4/2 - 17*i**3/6 - 973*i**2 + 2*i. What is h(-5)?
43
Let g(v) = -v**3 - 9*v**2 - 6*v - 4. Let l be g(-7). Let y be (-1)/(-6) + 310/l. Let x(h) = -57*h + 2*h**3 - 3*h**3 - 4 + 52*h - 6*h**2. What is x(y)?
-4
Let c(g) = g**3 + 5*g**2 + 6*g - 7. Let o(d) = 3*d**3 + 10*d**2 + 11*d - 13. Let b(l) = 5*c(l) - 2*o(l). Suppose 5644*s - 5634*s = 60. Determine b(s).
3
Let i(p) = 11*p**2 - 34*p - 57. Let o(m) = -9*m**2 + 36*m + 56. Let z(g) = 4*i(g) + 5*o(g). Calculate z(45).
7
Let l(g) = 4*g - 17. Let d be (2/(-4) - -9)*6. Suppose -41 - 265 = -d*q. Give l(q).
7
Let h(a) = a**3 + 18*a**2 - 13*a + 109. Let j = 847 + -866. Let v be h(j). Let o(r) = -r - 4*r + 3*r - 5 - r**2. Determine o(v).
-20
Suppose -4*f = 3*y - 323, 24*y - 3*f = 21*y + 309. Suppose -66*t = -y*t - 312. Let z(d) = d**2 + 8*d + 11. What is z(t)?
11
Let w(p) = 1 - 5*p + 5*p**2 - p**2 - 6*p**2 - p**3 + 2*p. Let j be -1 - ((-121)/(-44) + 6/(-8)). Give w(j).
19
Let r(f) = -26*f**2 + 10*f**3 - 9*f**3 - 2 - 14*f + 10*f**2 + 0*f**3 + 11*f**2. What is r(7)?
-2
Let m(x) be the first derivative of -x**2/2 - 21*x - 1. Let i(v) = v**3 - v**2 - 3*v + 2. Suppose -320*n + 325*n - 10 = 0. Let w be i(n). What is m(w)?
-21
Let v(f) = f**2 - 70*f + 826. Let a be v(55). Let y(l) = -42*l - 4. Give y(a).
-46
Let p be (-29)/58*5/(10/(-8)). Let h(a) = -3*a + 9505*a**3 + 0*a - 9509*a**3 + p + 4*a**2. Calculate h(2).
-20
Let l(z) = 2*z**2 - 2295027*z + 13 - 3*z**2 + 2295026*z. Determine l(-5).
-7
Let u = -17537 + 17541. Let j(f) = -7*f**2 + 3*f + 2. Let b(x) = x**2 - 1. Let h(p) = 6*b(p) + j(p). Determine h(u).
-8
Let v = 138 + -131. Let c(n) = -7*n + 3*n + 2*n + v + 4 + 3. What is c(6)?
2
Let q(d) = 5 - 6*d - 15 + 25*d**2 - 15 - 5*d - 26*d**2. Determine q(-12).
-37
Suppose -6 = 2*y, -5*h - y = -h - 521. Suppose 19*v = -2 - h. Let t(k) = -5*k**2 - 8*k - 1. Let w(b) = 6*b**2 + 8*b. Let i(g) = 5*t(g) + 4*w(g). What is i(v)?
2
Let t be (8/4)/((-4)/10). Let z = 125 + -122. Let g(f) = 2*f + 3*f**z - 4*f**3 + 2*f - f**2 - 7*f - 5 - 5*f**2. Determine g(t).
-15
Let s = 618 - 600. Let h(q) be the second derivative of 0 + 1/2*q**3 + 0*q**2 - s*q. Calculate h(-5).
-15
Let k(i) = 6. Let j(v) = v + 13. Let y(b) = -2*j(b) + 5*k(b). Suppose -5*p + 17*p = 204. Let r = 12 - p. What is y(r)?
14
Let a(g) be the second derivative of -g**5/10 - g**3/6 + 9*g**2 - 29818*g. Let q(m) = m**3 + 8*m**2 + 8*m + 7. Let u be q(-7). Determine a(u).
18
Let s(w) = 16*w - 12. Suppose 0 = 1385*o - 1382*o + 36. Let u(h) = 7*h - 5. Let d(b) = o*u(b) + 5*s(b). Determine d(-3).
12
Let r(g) be the first derivative of -g**5/20 + g**4/12 - g**3/6 + 18*g**2 - 106*g + 141. Let f(l) be the first derivative of r(l). Give f(0).
36
Let n(f) be the second derivative of -f**7/280 - f**6/360 - f**5/120 + f**3/6 + 16*f**2 + 33*f. Let y(i) be the second derivative of n(i). Give y(-1).
3
Let n(b) = -b**3 + 8*b**2 - 11*b + 4. Suppose 0 = 7*k + 3 - 31. Suppose -19*u = o - 16*u - 13, k*o - 24 = 2*u. Determine n(o).
-24
Let c = 282 + -282. Let a be (-3)/4*(c + -4). Let h(l) = 3*l**2 - 3*l - 12. Determine h(a).
6
Let g(a) be the third derivative of -a**6/60 - 13*a**5/60 + a**4/3 + 8*a**3/3 - 2299*a**2. Give g(-7).
9
Suppose 3*w + 3 = 4*t - 7*t, 0 = 3*w + 2*t. Let l(b) = -2 + 0*b**3 - 2*b**3 + b**2 + 3*b**3 - 2*b**w. Determine l(0).
-2
Let r(z) = 49*z + 9. Let y(v) = -4*v + 1. Let l(w) = -r(w) + 11*y(w). Calculate l(1).
-91
Let w(b) = -b + 6. Suppose -5*s = -4*f + 1418, -s = 3*s + f + 1147. Let y = 296 + s. Give w(y).
-4
Let n(l) = 4*l**2 + 4*l - 4*l - 99 + 97. Suppose -5*m - 29*w + 30*w = -13, m - 14 = 4*w. What is n(m)?
14
Let k(l) = -2937 + 2963 - 6*l - 4*l - l**2 - 4*l. Determine k(-16).
-6
Let o(u) = -3*u**2 - 4*u + 2. Let h = -6182 + 6180. What is o(h)?
-2
Let b(y) be the second derivative of 7*y**3/3 + 71*y**2/2 - 73*y + 1. Let z(h) = -5*h - 24. Let f(p) = 6*b(p) + 17*z(p). Determine f(8).
10
Let z(k) = -k**2 + 147*k - 988. Let v be z(7). Let o(w) = -w**3 - 9*w**2 - 5*w + 18. Calculate o(v).
-6
Let p(q) = 209 - 418 + 210 - q. Let o be 1*2/6*(-114)/(-38). Give p(o).
0
Let g = -87499 + 87508. Let o(r) = -5*r**3 + 29*r**2 + 39*r + 51. Let j(z) = z**3 - 6*z**2 - 8*z - 10. Let f(v) = 11*j(v) + 2*o(v). Give f(g).
-17
Let w(g) be the second derivative of g**4/6 - 5*g**3/6 + 5*g**2/2 + 21*g + 6. Give w(2).
3
Let p be (8/(-26))/(-4) - (-1)/(-13). Let o(n) = -n**3 - n**2 - n + 66. Give o(p).
66
Let v = -77 + 126. Let a be (-1)/(v/(-14)) - (-24)/14. Let y(d) = -26*d - 1 + 28*d - 9*d**2 + 12*d**a. Determine y(-2).
7
Let g(q) = -3*q + 1129 - 596 - 568. Give g(-13).
4
Let m(u) be the second derivative of -5*u**4/12 + 27*u**3/2 - 13*u**2/2 + 341*u. Give m(16).
3
Let h(r) = 3*r + 5. Suppose -3*b - 4*m = -180, -2*m + 5*m - 121 = -2*b. Suppose 0 = i - 9*i + b. Give h(i).
26
Let u be 230/7 - 9/(-63). Suppose -u*j = -31*j + 8. Let y(m) be the second derivative of m**3/6 - m**2/2 + m. Determine y(j).
-5
Suppose 0 = -4*w - 2 - 10. Let f be (12/(-8))/(w/2). Let k(z) = -303*z**2 + 299*z**2 - 6*z + 5*z. Give k(f).
-5
Let k(y) = y**3 - 9*y**2 - 10*y - 3. Suppose -31 = -4*z - 3*n, 3*n - 6*n = 9. Let r be 104/z - (14/35 - 0). Give k(r).
-3
Let h be 72/10*(-50)/(-20). Let r = h - 26. Let t(l) be the first derivative of -l**2/2 - 5*l - 16. Give t(r).
3
Let n(b) = -9*b + 1. Let h(d) = 2*d**2 - 35*d - 12. Let u(g) = -h(g) + 4*n(g). What is u(4)?
-20
Let b(h) = 2*h + 1. Let y = 134 + -127. Let d(p) = 0*p + 23 - 3*p + 15 - 16. Let v be d(y). Calculate b(v).
3
Let q(w) = -w - 14. Let a(y) = 4*y**3 - 3*y**2 + 2*y - 1. Let p be a(1). Suppose 19 = -b - 2*h, 2*b - 4*h = -p*h - 62. Let l = b + 17. Determine q(l).
-4
Suppose 165*z + 17 - 48 = 134*z. Let k = 2 - 1. Let q(a) = -a**2 + 5*a**3 - 2*a**3 + 3*a - 2*a - k. Give q(z).
2
Suppose -v + 8 = -4*g, -2*v + 1 = -5*g - 6. Let b(d) = -2*d**2 + 10*d - 507. Let m(c) = c**2 - 9*c + 336. Let i(p) = 2*b(p) + 3*m(p). Determine i(v).
6
Let t(x) be the third derivative of 7*x**4/24 - 13*x**3/6 + 2668*x**2. Calculate t(2).
1
Let l be (-432)/(-400) + 1 - (-4)/(-50). Let x(c) be the first derivative of -3*c - 22 + 1/2*c**l. Calculate x(2).
-1
Let s(d) = d - 5*d - 4*d - d**3 + 1 + 7*d**2. Let u(j) = 2*j**3 - 6*j**2 + 92*j - 270. Let k be u(3). Give s(k).
-11
Let k(d) = d**2 - 6*d + 2. Let r be k(0). Let u(z) = -1 + 41*z**3 + 3*z + 2*z**r - 3*z - 9*z**3. Calculate u(1).
33
Let h be 8/(-12) - (153/(-27) - 0). Let m(l) = -22*l + 50. Calculate m(h).
-60
Let x(f) = f**3 + 9*f**2 + 2*f + 11. Let q be x(-9). Let o(y) = -y + 10. Let k(p) = 2*p - 12. Let z(g) = 2*k(g) + 3*o(g). What is z(q)?
-1
Let n(l) = -2*l + 33. Let h be n(19). Let b(x) = -13*x**2 - 36*x - 53. Let g(r) = -7*r**2 - 19*r - 28. Let t(p) = -6*b(p) + 11*g(p). Determine t(h).
0
Let j(u) = 6*u**2 - 1. Suppose -24*a + 19 = -5. Give j(a).
5
Suppose -17 = -6*l - 5. Suppose -34 - 25 = -3*q - l*o, q = 5*o - 3. Let t(r) = 15*r - r**3 - q*r + 1 + r**2 + 2*r**3. Calculate t(-2).
1
Let m(l) = -3*l**2 + 3*l. Let x(o) = 16*o**2 - 8*o + 3*o**2 - 9*o**2 + 1. Let y(a) = -7*m(a) - 2*x(a). Calculate y(5).
-2
Suppose 1099 = 5*o + 2*o. Let x = o - 152. Let k(n) = -3*n - 5. What is k(x)?
-20
Let l(q) = -7*q**3 - 12*q**2 - 16*q**2 - 5 